 b(t) = 39*t - 20. Let w(z) = -2*z - 1. Let q(c) = b(c) - 6*w(c). Let o be q(2). What is the greatest common factor of 8 and o?
8
Suppose -s = 5*k - 7710, 0 = -396*k + 394*k - 5*s + 3107. Calculate the highest common factor of k and 737.
67
Let l be (-1 + (-1 - (-224)/20))/((-6)/(-30)). Calculate the greatest common divisor of 4646 and l.
46
Let w be (-3)/(-15) + (-138)/(-10). Let y be (-3)/(-6)*(-2 - -8). Let j be 1 + 6/y + 138/3. What is the highest common factor of j and w?
7
Suppose -44*w + 8434 - 3286 = 0. Calculate the highest common factor of 5941 and w.
13
Suppose -3*w + 285 - 81 = 0. Suppose -4*r - 40 = -u, r = 5*u - 8*u + w. Calculate the greatest common divisor of u and 96.
24
Suppose -4*j - 3 - 1 = 2*n, 0 = -5*n + 4*j + 18. Let w be ((-36)/(-15))/(n/80). What is the greatest common factor of 6 and w?
6
Suppose -1138*a + 1190*a = 1872. Calculate the highest common divisor of a and 1314.
18
Suppose -4*l - 4*n = -187 - 349, 0 = -5*l - 2*n + 664. Suppose -3*s + 3*c + c + 1048 = 0, 3*c + 1754 = 5*s. What is the greatest common factor of s and l?
44
Let h = -282 + 294. Let k be ((-9)/(-6))/((-9)/(-6)). Let j be 364/20 + k/(-5). What is the greatest common factor of j and h?
6
Let g be -10*(-15)/900 + 70439/6. What is the highest common factor of 20 and g?
20
Let q be 1*154/11 + 13. What is the greatest common divisor of q and 3?
3
Let v be -1 - -1 - 4/(4/(-3)). Let j be v - 0/(-2) - 11. Let c be j/(-2) - -48 - -2. What is the greatest common factor of c and 9?
9
Let v(z) = -z**2 - 10*z - 14. Let s be v(-7). Suppose 8*r - 17 = 15. Suppose r*i - s*i = -57. Calculate the greatest common factor of i and 171.
19
Let v = 11823 + -11809. What is the greatest common factor of v and 20342?
14
Let z(g) = -g**2 - g + 16. Let o be z(-4). Suppose 2*h - 1 = 3, -o*h + 116 = 4*l. Calculate the greatest common divisor of 108 and l.
27
Suppose -10*j - 5400 = -7*j. Let f be ((-4)/(-10))/((-9)/j). Let z be 0 + -4 - f/(-4). What is the highest common divisor of 128 and z?
16
Suppose -2*b - 9*p = b - 1917, 1257 = 2*b - p. What is the greatest common divisor of 98 and b?
14
Let v(j) = -2*j**3 - 12*j**2 - 56*j + 19. Let x be v(-4). Calculate the greatest common divisor of x and 22196.
179
Suppose 53*i = 60*i - 987. Let s be i/235 - (-1244)/10. Calculate the highest common divisor of 25 and s.
25
Let y be 39 + (-2)/16*-8. Suppose 0 = -l - 4*d + 28, 3*d = -y*l + 44*l - 36. What is the greatest common factor of 516 and l?
12
Suppose 2*z = -4*j + 642, -5*j + 5*z - 286 = -1111. Let f be j/2 - -7*(-24)/56. What is the highest common divisor of f and 26?
26
Suppose 0 = -3*x + 6, 5*o + 290 = o + 5*x. Let t be (-7)/o*12*(-280)/(-12). What is the greatest common divisor of 308 and t?
28
Suppose 122*l - 1096 = -152*l. What is the highest common divisor of 4720 and l?
4
Let v(c) = -c**3 + 17*c**2 - 42*c + 49. Let l be v(9). What is the highest common factor of l and 11?
11
Let a = 8068 + -7977. What is the greatest common factor of a and 644?
7
Let z = 166 + 986. What is the highest common divisor of 144 and z?
144
Suppose 3*r = -438*c + 435*c + 60, -60 = -3*r - c. Let u be 3/(-4)*-8*6. Calculate the highest common factor of r and u.
4
Let o be 1/4 - (1 + 7/(-4)). Let v be o - (1 + -4)*(-168)/(-36). Calculate the highest common factor of 45 and v.
15
Let y(g) = -185*g - 1617. Let c be y(-28). Calculate the greatest common divisor of c and 7.
7
Let a = 182 - 50. Let n = 0 + 0. Suppose n = 2*b - 0*r + 4*r - 8, -3*b + 48 = -3*r. Calculate the highest common factor of b and a.
12
Let q = 153 - 21. Let j = 183031 - 182800. Calculate the greatest common divisor of q and j.
33
Let v be (-604)/(-14) + (-3720)/3255. Calculate the greatest common divisor of v and 11340.
42
Let a(l) = l**3 - 33*l**2 + 33*l - 14. Let t be a(32). Let u(z) = z**2 - 23*z + 94. Let m be u(t). Calculate the highest common factor of m and 18.
2
Let s(j) = 4*j - 5. Let x be s(5). Let z = -837 + 882. What is the highest common divisor of z and x?
15
Suppose 5*u + 4899 = 4*o, -4*o + 4843 = 1920*u - 1917*u. Calculate the highest common divisor of o and 266.
38
Let r = -29408 + 29727. Let u = 4 - 2. Suppose -u*c - 15 = -73. Calculate the greatest common factor of c and r.
29
Let s be (1 - 169)/((-3 - -2)*1). Suppose 34*j - s = 31*j. What is the greatest common divisor of 252 and j?
28
Let k(r) = -r**2 + 19*r - 81. Let f be k(12). Suppose 0 = -f*x - 5*v + 949 + 726, 0 = -4*x - 5*v + 2230. What is the highest common factor of 15 and x?
15
Let g be (-40)/220 - 4/(-22). Suppose g = 12*o - 226 - 278. What is the highest common divisor of 42 and o?
42
Let l be (-336)/2184 + ((-14330)/(-13))/2. Calculate the greatest common divisor of l and 209.
19
Let b be (1716/(-91))/((-3)/14). Let f(u) = 14*u**2 - u - 2. Let c be f(-2). What is the highest common factor of c and b?
8
Suppose 4*k - 46 - 489 = -3*d, 2*k - 285 = -5*d. Let m be 4/(-26) + ((-7920)/k)/(-6). What is the greatest common divisor of m and 90?
10
Let v(j) = 21*j**2 - 3*j - 10. Suppose 9 = 3*b - 0, 5*b - 11 = -2*q. Let f be v(q). Calculate the highest common factor of 10 and f.
10
Suppose 5*q - 3*q - 33 = 35. Let v(x) = 14*x + 10. Let k be v(9). Calculate the greatest common divisor of k and q.
34
Suppose 27*u = 32*u + r - 2854, -1706 = -3*u + r. What is the highest common factor of u and 90?
30
Suppose 0 = -10*p + 11*p - 62. Suppose -6*b + p = -16. Calculate the highest common factor of 169 and b.
13
Suppose 5*c - 2*u - 62 = c, 35 = 2*c - 5*u. Let t be (-20)/c + 1*128/6. Calculate the highest common factor of 220 and t.
20
Suppose -h + 58*h = 7011. Suppose -155*p = -156*p + 41. What is the greatest common factor of h and p?
41
Let v(o) = -o**2 + 9*o + 3. Let r be v(6). Let j = 13274 - 13232. Calculate the greatest common factor of j and r.
21
Suppose -70*c + 73*c = 55 + 110. Calculate the highest common factor of c and 5995.
55
Suppose -372 = -x - 3*s, -70*x = -74*x + 2*s + 1516. Suppose 3*z - 58 = -5*d, -4*z + 60 = 5*d + 6. Calculate the highest common divisor of d and x.
14
Let v = 4543 + -4177. What is the greatest common divisor of 122 and v?
122
Suppose 5*a + 609 = 294. Let i be (-18)/(-81) + (-2380)/a. Calculate the greatest common factor of 95 and i.
19
Let a be 7*(-3)/(-63) + 574/6. Calculate the greatest common divisor of a and 1192.
8
Suppose -1406*q + 1319*q + 3828 = 0. What is the greatest common divisor of q and 8668?
44
Let n be -181 + 184 + 7/(7/228). Calculate the greatest common divisor of 1485 and n.
33
Let o = 9 + 5. Suppose -o = m + 13. Let z = m + 39. Calculate the highest common factor of z and 48.
12
Suppose 0 = -5*m + 15, -4*h + 6*m - 7*m = -23. Suppose -h*t + 16 = x, 4*x = 3*t - 2*t + 64. Calculate the greatest common divisor of x and 208.
16
Suppose -5380 = -25*u + 245. What is the greatest common factor of u and 1500?
75
Let z(t) = 14*t**2 + 28*t + 75 - 82 - 38*t**2 + 5*t**3. Let g be z(8). Calculate the highest common factor of 17 and g.
17
Suppose 0 = m + 2*h - 74, -3*h + 762 - 841 = -m. What is the highest common factor of m and 14516?
76
Let y be ((-153)/6)/(48/(-6848)). Calculate the highest common factor of 34 and y.
34
Let i = -19839 - -20424. Calculate the highest common divisor of i and 738.
9
Let q be -5 - 120/18*3. Let o be q/(175/2394)*(-1)/1. Calculate the highest common factor of o and 18.
18
Let i(d) = d + 10. Let s be i(-6). Suppose c + 5 = q, 0 = 2*c - s*q - q - 5. Let b be (-310)/(-18) + c/45. Calculate the highest common divisor of 85 and b.
17
Let o(a) = a**3 - 36*a**2 + 116*a - 1540. Let x be o(34). What is the greatest common divisor of 759 and x?
23
Suppose -17*k + 8 = -19*k. Let w be 11 - (-2 - k - 7). Suppose -p = -5*o - 11, 5*p - 13 = o + 66. What is the highest common divisor of w and p?
16
Suppose 4*w - 13 = 7. Suppose 5*s = w*u + 55, -s + 7 = 3*u - 0. Let n(c) = -2*c**2 - 67*c - 86. Let m be n(-32). What is the highest common divisor of m and s?
10
Suppose -2*z - 3*z + 25 = g, -z = 1. What is the greatest common divisor of g and 7215?
15
Suppose -13*y + 50 = -3*y. Suppose y*r + 12 = 22. Calculate the greatest common divisor of r and 84.
2
Let y be 15 + 1068 + 27 - (0 - 0). Calculate the greatest common factor of y and 12.
6
Suppose b + 78 = 87. Suppose -w - 3*x + 29 - b = 0, -4*w + 5*x + 12 = 0. Cal